{"id":2,"date":"2018-07-27T20:58:15","date_gmt":"2018-07-27T18:58:15","guid":{"rendered":"http:\/\/lafermedelamotte.fr\/?page_id=2"},"modified":"2019-02-19T14:15:25","modified_gmt":"2019-02-19T13:15:25","slug":"page-d-exemple","status":"publish","type":"page","link":"http:\/\/lafermedelamotte.fr\/index.php\/page-d-exemple\/","title":{"rendered":"Journal de la Motte"},"content":{"rendered":"<p>Voici un blog avec des nouvelles de la motte.<\/p>\n<p>Le but :<\/p>\n<ul>\n<li>donner des nouvelles \u00e0 ceux qui sont loin<\/li>\n<li>pr\u00e9venir d&rsquo;activit\u00e9s que nous pourrions mettre en place et auquel vous pourriez venir participer<\/li>\n<li>et surtout nous forcer un peu la main pour \u00e9crire r\u00e9guli\u00e8rement de mani\u00e8re \u00e0 avoir une trace des avanc\u00e9es de notre projet<\/li>\n<\/ul>\n","protected":false},"excerpt":{"rendered":"<p>Voici un blog avec des nouvelles de la motte. Le but : donner des nouvelles \u00e0 ceux qui sont loin pr\u00e9venir d&rsquo;activit\u00e9s que nous pourrions mettre en place et auquel vous pourriez venir participer et surtout nous forcer un peu la main pour \u00e9crire r\u00e9guli\u00e8rement de mani\u00e8re \u00e0 avoir une trace des avanc\u00e9es de notre &hellip; <\/p>\n<p class=\"link-more\"><a href=\"http:\/\/lafermedelamotte.fr\/index.php\/page-d-exemple\/\" class=\"more-link\">Continuer la lecture<span class=\"screen-reader-text\"> de &laquo;&nbsp;Journal de la Motte&nbsp;&raquo;<\/span><\/a><\/p>\n","protected":false},"author":1,"featured_media":0,"parent":0,"menu_order":0,"comment_status":"closed","ping_status":"open","template":"","meta":{"footnotes":""},"class_list":["post-2","page","type-page","status-publish","hentry"],"jetpack_sharing_enabled":true,"_links":{"self":[{"href":"http:\/\/lafermedelamotte.fr\/index.php\/wp-json\/wp\/v2\/pages\/2","targetHints":{"allow":["GET"]}}],"collection":[{"href":"http:\/\/lafermedelamotte.fr\/index.php\/wp-json\/wp\/v2\/pages"}],"about":[{"href":"http:\/\/lafermedelamotte.fr\/index.php\/wp-json\/wp\/v2\/types\/page"}],"author":[{"embeddable":true,"href":"http:\/\/lafermedelamotte.fr\/index.php\/wp-json\/wp\/v2\/users\/1"}],"replies":[{"embeddable":true,"href":"http:\/\/lafermedelamotte.fr\/index.php\/wp-json\/wp\/v2\/comments?post=2"}],"version-history":[{"count":2,"href":"http:\/\/lafermedelamotte.fr\/index.php\/wp-json\/wp\/v2\/pages\/2\/revisions"}],"predecessor-version":[{"id":92,"href":"http:\/\/lafermedelamotte.fr\/index.php\/wp-json\/wp\/v2\/pages\/2\/revisions\/92"}],"wp:attachment":[{"href":"http:\/\/lafermedelamotte.fr\/index.php\/wp-json\/wp\/v2\/media?parent=2"}],"curies":[{"name":"wp","href":"https:\/\/api.w.org\/{rel}","templated":true}]}}

<p>Voici un blog avec des nouvelles de la motte.</p>
<p>Le but :</p>
<ul>
<li>donner des nouvelles à ceux qui sont loin</li>
<li>prévenir d&rsquo;activités que nous pourrions mettre en place et auquel vous pourriez venir participer</li>
<li>et surtout nous forcer un peu la main pour écrire régulièrement de manière à avoir une trace des avancées de notre projet</li>
</ul>

<p>Voici un blog avec des nouvelles de la motte. Le but : donner des nouvelles à ceux qui sont loin prévenir d&rsquo;activités que nous pourrions mettre en place et auquel vous pourriez venir participer et surtout nous forcer un peu la main pour écrire régulièrement de manière à avoir une trace des avancées de notre &hellip; </p>
<p class="link-more"><a href="http://lafermedelamotte.fr/index.php/page-d-exemple/" class="more-link">Continuer la lecture<span class="screen-reader-text"> de &laquo;&nbsp;Journal de la Motte&nbsp;&raquo;</span></a></p>
